+ 3*g = k*w - 629. What is the tens digit of w?
1
Let w(o) = o**2 + 5*o - 12. Let n be w(-7). Suppose n*y - 200 = -2*y. What is the tens digit of y?
5
Suppose 0 = -m - 3*m + 3*f - 15, 0 = m - 3*f + 6. Let r(j) = 13*j**2 + 6*j - 3. What is the tens digit of r(m)?
9
Suppose x = -3*x. Suppose t - 69 = -x*t. What is the tens digit of t?
6
Let l be (18/3)/((-24)/(-176)). Suppose 0 = -3*q - s + 177 - l, 5*q - 220 = -2*s. What is the units digit of q?
6
Let h = -331 + 576. What is the hundreds digit of h?
2
Suppose -4*k + 7*s + 1946 = 5*s, -k + 494 = s. Suppose -3*q - 5*o = -o - 482, 3*q = 3*o + k. What is the tens digit of q?
6
Let f(t) = -14*t + 62. Let u(s) = 9*s - 41. Let l(b) = -5*f(b) - 8*u(b). Let x be l(9). Suppose x + 2 = 2*h + 3*a, 12 = 2*h - 2*a. What is the units digit of h?
4
Let l be (14/(-7))/((-2)/143). Let k = l + -32. What is the tens digit of k?
1
Suppose 0 = 2*l - 3 - 5. Suppose 3*h - 2 - l = 0. Suppose -3*w - h*c = -57, 2*w - 52 + 14 = 3*c. What is the tens digit of w?
1
Suppose 0 = -7*y + 4*y + 15. Suppose y*o - 217 = -2*n, -o + 3 = 4*n - 422. What is the tens digit of n?
0
Suppose 5*m - 2*u = 3*u + 80, 2*u - 2 = 0. Suppose m*c = 3*c + 3430. What is the hundreds digit of c?
2
Let c be -3 + (-16)/(-6) + (-8)/(-6). What is the units digit of 2/((-8)/(-356))*c?
9
Let g be 1331/(-33) - (-2)/(-3). Let j = g - -46. What is the units digit of j?
5
Let m = -7451 - -11618. What is the hundreds digit of m?
1
What is the units digit of -64 + 69 + 340/(2 + 0)?
5
Let i = 1562 - -2121. What is the thousands digit of i?
3
Let n = 16 + -8. Suppose 4*o - 604 = 3*q, -4 = 3*q + n. Suppose -o = -8*c + 4*c. What is the tens digit of c?
3
Let n(s) = -s**3 - 8*s**2 - 4*s - 9. Let i be n(-8). Suppose 57 = -5*g - i. What is the units digit of g/(-24) + (-2)/(-6)?
1
What is the hundreds digit of (-1)/5 + 3927/35 + 9?
1
Let f = -41 - -47. Let t(c) = 14*c**2 - 50*c + 9. What is the hundreds digit of t(f)?
2
Let q be (11/5)/(17/85). Let d = 129 + q. What is the tens digit of d?
4
Let l be -2*((-30)/(-4) + -1). Let z = 10 + l. What is the tens digit of 3 + (0 - (z + -17))?
2
Suppose -448 = -2*s + 102. What is the tens digit of s?
7
Suppose 5*k + 8 = -4*n - 7, 4*n + k = -3. Suppose n = i - 4 - 1. Suppose -1 - 3 = -3*y - i*h, h = 2*y - 7. What is the units digit of y?
3
Suppose 4*q - 620 + 36 = 0. Suppose 5*b = -4*a + 194, 3*a + 2*a = 3*b - q. Let g = b - 13. What is the tens digit of g?
2
Let l(n) = -6*n + 7. Let b(a) = -2*a**2 + 13*a - 1. Let z be b(7). What is the tens digit of l(z)?
5
Suppose 5*j = -13 + 183. Let g = j - 29. Suppose -3*l + 90 = 3*v, 0 = -0*v + g*v + l - 162. What is the tens digit of v?
3
Let a = -10 - -17. Suppose -4*m = -a*m + 270. What is the units digit of m?
0
Let s = -51 - -52. What is the units digit of (0/3 - 9)*(s - 4)?
7
Suppose 5*a - 3*x = -12, a + x - 12 = -2*x. Suppose a = h - 2 - 1. Suppose -4*y + 5*q = -232, h*y - 6*q - 171 = -3*q. What is the units digit of y?
3
Let c(w) = 9*w - 23. Let q(d) = -13*d + 34. Let k(j) = -7*c(j) - 5*q(j). Let a be k(4). What is the units digit of 5 - 0 - (a - 1)?
7
What is the units digit of 2 + (608 - (-60)/10)?
6
Let r be (-1 - 1) + (-4)/1. Let b(n) = -n**2 - 7*n + 3. Let p be b(r). Suppose -4*j + p*j = 20. What is the units digit of j?
4
Suppose -14*c = -27*c + 2782. What is the tens digit of c?
1
Let x(a) = 11 - 5 + 2*a**2 + 15 - 9*a. What is the units digit of x(4)?
7
Let l(p) = -2*p**3 - 3*p**2 - 2*p - 2. Let h be l(-3). Let n = -22 + h. What is the units digit of n?
9
Suppose -4*x + k + 10002 = 0, 0 = 2*x - 5*k - 2717 - 2293. What is the thousands digit of x?
2
What is the units digit of (-3)/(-6 + (-9191)/(-1533))?
7
Let u(l) = l - 1. Let p(f) = -4*f - 6. Let s(a) = -p(a) - 6*u(a). Suppose -12 = 2*y - k, k + 3 = -4*y - 15. What is the units digit of s(y)?
2
Let w = -1511 - -2297. What is the units digit of w?
6
Suppose 0 = -0*d - 38*d + 3116. What is the units digit of d?
2
Let j(k) = 1785*k**2 + 9*k + 10. What is the units digit of j(-1)?
6
Let r be ((-4)/(-2))/(-6*1/(-2049)). Suppose 0 = 3*w - h - r, 0*w = -3*w + 2*h + 679. What is the hundreds digit of w?
2
Suppose -g + 2174 = 3*k + 632, -5*k - 2*g = -2569. What is the hundreds digit of k?
5
Suppose d + 12 = 2*w, 4*w + 0*d - d = 24. Let z be (6/9)/(1/w). Suppose -63 = -7*n + z*n. What is the units digit of n?
1
Suppose s = 245 + 99. What is the units digit of s?
4
Suppose 4951 = 3*v - 5*a, -a + 6*a = -v + 1657. What is the tens digit of v?
5
Let d be (-4)/14 - (-58)/7. Suppose -498 = d*c - 14*c. What is the units digit of c?
3
What is the units digit of (-18)/12*(0 - (-844)/(-6))?
1
Let h = 29 + -49. Let c = h + 25. Suppose c*a = 13 + 92. What is the tens digit of a?
2
Suppose -28 = -5*q - 3*n, 3*n + 2 = q - 0*n. Suppose q*z = -0*z + 165. Suppose 3*h - 159 = -z. What is the units digit of h?
2
Let s(p) be the third derivative of p**3 + 0 - 5/12*p**4 + 1/30*p**5 + 0*p + 5*p**2. What is the tens digit of s(6)?
1
Suppose 3*u = 6*u - 3, 0 = -k + u + 3223. What is the tens digit of k?
2
Let k = 109 + 1096. What is the thousands digit of k?
1
Let h(d) = -15*d - 5. Suppose -v - 5 = -3*m - 13, m - 2 = -2*v. What is the tens digit of h(m)?
2
Suppose 11000 = 5*q + 4*g + 1247, -4*g = 4*q - 7804. Suppose 14*t = -409 + q. What is the units digit of t?
0
What is the units digit of 13 - 1 - 2297/(-1)?
9
Suppose 2*x = -5*c + 15, 13*x + 2*c = 10*x + 39. What is the tens digit of x?
1
Let j = -526 - -737. Suppose -5*a + 139 + j = 0. What is the units digit of a?
0
Let s = 2 + -4. Let j be (-2 + (1 - -1))/s. Suppose j = -5*k + 2*k + 84. What is the units digit of k?
8
Suppose 41*q - 9162 = 35*q. What is the hundreds digit of q?
5
Let k(y) = -2*y**2 + y. Let m be k(0). Suppose m = b + t - 108, -4*b - 3*t + 8*t = -387. What is the units digit of b?
3
Let l(n) = 38*n - 45. Let c(w) = 19*w - 22. Let f(u) = -5*c(u) + 3*l(u). What is the units digit of f(7)?
8
What is the units digit of (-1816)/(-12)*(-30)/(-4)?
5
Let n = -136 - -127. What is the tens digit of n/2 + 3 - (-845)/10?
8
Let o(b) = 2*b**2 - 2*b + 269. Let u(m) = m**3 + 2*m**2 + 2*m + 1. Let d be u(-1). What is the hundreds digit of o(d)?
2
Let f be 4/(1/10*-4). What is the units digit of (-10)/((-5)/(f/(-4)))?
5
Let w = 11 - -5. What is the tens digit of 1/(-2*(-4)/w) + 129?
3
Let y = 1677 + -578. What is the tens digit of y?
9
Let r(g) = 85*g**2 - 5. What is the units digit of r(5)?
0
Suppose 4*j + 5*m - 39 = -0*j, -4*j + 4*m + 12 = 0. Let z be j/8 - 6/8. Suppose 2*b - 22 = -z*b. What is the units digit of b?
1
Suppose 3*u = -j - 2*j + 42, j - 3*u = 14. Let g(v) be the first derivative of -v**2/2 + 22*v + 10. What is the units digit of g(j)?
8
Let k(s) = s**3 + 5*s**2 - 6. Let l be k(-5). What is the units digit of l/(-4)*2256/72?
7
Let l(s) be the third derivative of -s**7/2520 + s**6/80 + 7*s**5/60 + s**2. Let x(h) be the third derivative of l(h). What is the units digit of x(-8)?
5
Let c be 2 + -2 + 1 - -3. Suppose c*h = 3 - 11. What is the units digit of 2/(h*2/(-20))?
0
Let f be (-16)/(-10)*(-2)/12*-15. What is the hundreds digit of (111 - f) + 4/2?
1
Let z be 15*(-16)/(-12) + -3. Let y = z + -11. Suppose c - 4*s = -2, s + 1 = y. What is the tens digit of c?
1
Suppose 4*f - 2*t - 910 - 136 = 0, -3*t + 1031 = 4*f. What is the units digit of f?
0
Suppose -38*r + 42*r = 308. Suppose 3*z = 106 + r. What is the tens digit of z?
6
Let a be ((-6)/7)/((-12)/56). Suppose 0 = a*c - c - 6. Suppose -c*i + 55 = 3*h - 76, -220 = -5*h - 3*i. What is the tens digit of h?
4
Suppose 0 = 4*f - 3*d + 35, -f - 2*d - 8 = -3*d. Let q(t) = t**2 + 10*t - 8. Let b be q(f). Suppose b*p = 24 + 72. What is the tens digit of p?
3
Let y(l) = 12*l - 3. Let f(s) = -25*s + 7. Let q(h) = 3*f(h) + 7*y(h). What is the units digit of q(6)?
4
Let s = 269 - 147. Let a = 288 - s. What is the units digit of a?
6
Let n = -14 + -2. What is the units digit of (4 - 20/n)*8?
2
Let j = 244 + 1098. What is the tens digit of j?
4
Suppose 8 = 4*j - 0. Let u be j + -46 + 0/(-4). Let t = 68 + u. What is the units digit of t?
4
Let t be 9*6*(-15)/(-6). Let l = -86 + t. What is the tens digit of l?
4
Suppose -139 - 232 = -i. What is the tens digit of i?
7
Let u = -2 - -6. Suppose -317 = -u*v + 103. Let x = v - 69. What is the units digit of